{"id":182,"date":"2025-09-29T19:30:54","date_gmt":"2025-09-29T19:30:54","guid":{"rendered":"https:\/\/glamglow-room.ch\/?page_id=182"},"modified":"2025-10-27T21:01:09","modified_gmt":"2025-10-27T21:01:09","slug":"lips","status":"publish","type":"page","link":"https:\/\/glamglow-room.ch\/?page_id=182","title":{"rendered":"LIPS"},"content":{"rendered":"\n<div class=\"wp-block-media-text is-stacked-on-mobile\" style=\"grid-template-columns:15% auto\"><figure class=\"wp-block-media-text__media\"><img loading=\"lazy\" decoding=\"async\" width=\"771\" height=\"1024\" src=\"https:\/\/glamglow-room.ch\/wp-content\/uploads\/2025\/09\/IMG_9590-4-771x1024.jpeg\" alt=\"\" class=\"wp-image-183 size-full\" srcset=\"https:\/\/glamglow-room.ch\/wp-content\/uploads\/2025\/09\/IMG_9590-4-771x1024.jpeg 771w, https:\/\/glamglow-room.ch\/wp-content\/uploads\/2025\/09\/IMG_9590-4-226x300.jpeg 226w, https:\/\/glamglow-room.ch\/wp-content\/uploads\/2025\/09\/IMG_9590-4-768x1020.jpeg 768w, https:\/\/glamglow-room.ch\/wp-content\/uploads\/2025\/09\/IMG_9590-4-1156x1536.jpeg 1156w, https:\/\/glamglow-room.ch\/wp-content\/uploads\/2025\/09\/IMG_9590-4.jpeg 1179w\" sizes=\"auto, (max-width: 771px) 100vw, 771px\" \/><\/figure><div class=\"wp-block-media-text__content\">\n<p>LIP BLUSH (maquillage permanent des l\u00e8vres &#8211; dur\u00e9e 1 \u00e0 3 ans) 150 FRS<\/p>\n\n\n\n<p>Retouche (apr\u00e8s  4 \u00e0 8 semaines) 120FRS<\/p>\n<\/div><\/div>\n","protected":false},"excerpt":{"rendered":"<p>LIP BLUSH (maquillage permanent des l\u00e8vres &#8211; dur\u00e9e 1 \u00e0 3 ans) 150 FRS Retouche (apr\u00e8s 4 \u00e0 8 semaines) 120FRS<\/p>\n","protected":false},"author":1,"featured_media":0,"parent":0,"menu_order":0,"comment_status":"closed","ping_status":"closed","template":"","meta":{"footnotes":""},"class_list":["post-182","page","type-page","status-publish","hentry"],"_links":{"self":[{"href":"https:\/\/glamglow-room.ch\/index.php?rest_route=\/wp\/v2\/pages\/182","targetHints":{"allow":["GET"]}}],"collection":[{"href":"https:\/\/glamglow-room.ch\/index.php?rest_route=\/wp\/v2\/pages"}],"about":[{"href":"https:\/\/glamglow-room.ch\/index.php?rest_route=\/wp\/v2\/types\/page"}],"author":[{"embeddable":true,"href":"https:\/\/glamglow-room.ch\/index.php?rest_route=\/wp\/v2\/users\/1"}],"replies":[{"embeddable":true,"href":"https:\/\/glamglow-room.ch\/index.php?rest_route=%2Fwp%2Fv2%2Fcomments&post=182"}],"version-history":[{"count":2,"href":"https:\/\/glamglow-room.ch\/index.php?rest_route=\/wp\/v2\/pages\/182\/revisions"}],"predecessor-version":[{"id":214,"href":"https:\/\/glamglow-room.ch\/index.php?rest_route=\/wp\/v2\/pages\/182\/revisions\/214"}],"wp:attachment":[{"href":"https:\/\/glamglow-room.ch\/index.php?rest_route=%2Fwp%2Fv2%2Fmedia&parent=182"}],"curies":[{"name":"wp","href":"https:\/\/api.w.org\/{rel}","templated":true}]}}